298 is divided by 30?
28
Calculate the remainder when 420 is divided by 25.
20
What is the remainder when 2421 is divided by 101?
98
What is the remainder when 91 is divided by 59?
32
Calculate the remainder when 557 is divided by 18.
17
What is the remainder when 1403 is divided by 281?
279
Calculate the remainder when 851 is divided by 71.
70
Calculate the remainder when 787 is divided by 7.
3
What is the remainder when 620 is divided by 46?
22
What is the remainder when 336 is divided by 59?
41
Calculate the remainder when 1301 is divided by 43.
11
What is the remainder when 908 is divided by 187?
160
Calculate the remainder when 2242 is divided by 11.
9
Calculate the remainder when 277 is divided by 20.
17
Calculate the remainder when 2503 is divided by 44.
39
Calculate the remainder when 2293 is divided by 1098.
97
Calculate the remainder when 318 is divided by 152.
14
What is the remainder when 209 is divided by 71?
67
What is the remainder when 82 is divided by 18?
10
Calculate the remainder when 54 is divided by 18.
0
What is the remainder when 355 is divided by 120?
115
What is the remainder when 1050 is divided by 81?
78
Calculate the remainder when 188 is divided by 81.
26
Calculate the remainder when 356 is divided by 21.
20
What is the remainder when 1397 is divided by 14?
11
What is the remainder when 439 is divided by 44?
43
Calculate the remainder when 271 is divided by 1.
0
What is the remainder when 1259 is divided by 84?
83
What is the remainder when 224 is divided by 121?
103
What is the remainder when 1102 is divided by 547?
8
What is the remainder when 461 is divided by 14?
13
What is the remainder when 2529 is divided by 28?
9
What is the remainder when 563 is divided by 189?
185
Calculate the remainder when 2604 is divided by 33.
30
Calculate the remainder when 231 is divided by 178.
53
Calculate the remainder when 144 is divided by 46.
6
Calculate the remainder when 333 is divided by 16.
13
What is the remainder when 86 is divided by 11?
9
What is the remainder when 263 is divided by 22?
21
Calculate the remainder when 62 is divided by 8.
6
Calculate the remainder when 713 is divided by 17.
16
What is the remainder when 523 is divided by 102?
13
Calculate the remainder when 2951 is divided by 588.
11
Calculate the remainder when 3525 is divided by 147.
144
What is the remainder when 300 is divided by 14?
6
Calculate the remainder when 403 is divided by 144.
115
Calculate the remainder when 917 is divided by 18.
17
What is the remainder when 164 is divided by 12?
8
What is the remainder when 284 is divided by 59?
48
What is the remainder when 2116 is divided by 29?
28
Calculate the remainder when 571 is divided by 26.
25
What is the remainder when 869 is divided by 173?
4
Calculate the remainder when 447 is divided by 32.
31
What is the remainder when 213 is divided by 8?
5
What is the remainder when 4312 is divided by 13?
9
What is the remainder when 768 is divided by 223?
99
What is the remainder when 412 is divided by 16?
12
What is the remainder when 29 is divided by 4?
1
Calculate the remainder when 241 is divided by 38.
13
Calculate the remainder when 392 is divided by 192.
8
What is the remainder when 256 is divided by 72?
40
Calculate the remainder when 1371 is divided by 44.
7
What is the remainder when 728 is divided by 17?
14
Calculate the remainder when 117 is divided by 3.
0
What is the remainder when 86 is divided by 22?
20
Calculate the remainder when 99 is divided by 21.
15
Calculate the remainder when 1393 is divided by 45.
43
Calculate the remainder when 468 is divided by 65.
13
What is the remainder when 1185 is divided by 34?
29
Calculate the remainder when 207 is divided by 21.
18
What is the remainder when 227 is divided by 8?
3
What is the remainder when 173 is divided by 5?
3
Calculate the remainder when 49 is divided by 38.
11
What is the remainder when 235 is divided by 10?
5
Calculate the remainder when 570 is divided by 110.
20
What is the remainder when 2632 is divided by 9?
4
Calculate the remainder when 44 is divided by 4.
0
Calculate the remainder when 255 is divided by 64.
63
Calculate the remainder when 3 is divided by 1.
0
What is the remainder when 83 is divided by 31?
21
Calculate the remainder when 437 is divided by 20.
17
What is the remainder when 81 is divided by 17?
13
What is the remainder when 439 is divided by 152?
135
What is the remainder when 550 is divided by 434?
116
Calculate the remainder when 247 is divided by 26.
13
What is the remainder when 526 is divided by 16?
14
Calculate the remainder when 103 is divided by 21.
19
What is the remainder when 142 is divided by 51?
40
What is the remainder when 918 is divided by 246?
180
Calculate the remainder when 905 is divided by 75.
5
Calculate the remainder when 4731 is divided by 91.
90
What is the remainder when 9182 is divided by 56?
54
Calculate the remainder when 1492 is divided by 8.
4
What is the remainder when 151 is divided by 138?
13
What is the remainder when 440 is divided by 440?
0
Calculate the remainder when 1115 is divided by 93.
92
Calculate the remainder when 1350 is divided by 135.
0
Calculate the remainder when 754 is divided by 143.
39
What is the remainder when 16415 is divided by 6?
5
What is the remainder when 561 is divided by 99?
66
Calculate the remainder when 13231 is divided by 33.
31
What is the remainder when 1561 is divided by 309?
16
Calculate the remainder when 447 is divided by 58.
41
Calculate the remainder when 835 is divided by 27.
25
What is the remainder when 2073 is divided by 173?
170
Calculate the remainder when 4679 is divided by 117.
116
What is the remainder when 93 is divided by 33?
27
What is the remainder when 241 is divided by 55?
21
Calculate the remainder when 405 is divided by 68.
65
What is the remainder when 554 is divided by 3?
2
Calculate the remainder when 5497 is divided by 22.
19
Calculate the remainder when 267 is divided by 109.
49
Calculate the remainder when 9334 is divided by 24.
22
Calculate the remainder when 527 is divided by 33.
32
What is the remainder when 59 is divided by 18?
5
What is the remainder when 141 is divided by 72?
69
What is the remainder when 133 is divided by 81?
52
Calculate the remainder when 73 is divided by 19.
16
What is the remainder when 226 is divided by 41?
21
Calculate the remainder when 191 is divided by 95.
1
Calculate the remainder when 412 is divided by 198.
16
What is the remainder when 5125 is divided by 95?
90
Calculate the remainder when 1937 is divided by 66.
23
Calculate the remainder when 84 is divided by 16.
4
What is the remainder when 3076 is divided by 9?
7
Calculate the remainder when 175 is divided by 11.
10
Calculate the remainder when 1053 is divided by 76.
65
Calculate the remainder when 1054 is divided by 164.
70
What is the remainder when 1366 is divided by 86?
76
Calculate the remainder when 1362 is divided by 34.
2
What is the remainder when 2661 is divided by 74?
71
What is the remainder when 431 is divided by 28?
11
What is the remainder when 967 is divided by 14?
1
What is the remainder when 831 is divided by 18?
3
What is the remainder when 1301 is divided by 164?
153
Calculate the remainder when 127 is divided by 79.
48
Calculate the remainder when 988 is divided by 43.
42
What is the remainder when 524 is divided by 44?
40
What is the remainder when 95 is divided by 2?
1
Calculate the remainder when 523 is divided by 17.
13
What is the remainder when 3690 is divided by 37?
27
Calculate the remainder when 58 is divided by 39.
19
What is the remainder when 340 is divided by 38?
36
What is the remainder when 2683 is divided by 69?
61
Calculate the remainder when 50 is divided by 15.
5
Calculate the remainder when 888 is divided by 398.
92
Calculate the remainder when 275 is divided by 40.
35
Calculate the remainder when 153 is divided by 68.
17
What is the remainder when 239 is divided by 14?
1
Calculate the remainder when 93 is divided by 36.
21
What is the remainder when 199 is divided by 50?
49
Calculate the remainder when 182 is divided by 37.
34
Calculate the remainder when 2279 is divided by 16.
7
What is the remainder when 6050 is divided by 1511?
6
What is the remainder when 2333 is divided 